
28
Let z(w) = -8*w**2 - 37*w - 13. Give z(-5).
-28
Let p(t) = -417*t + 416. Give p(1).
-1
Let b(o) = -10*o**2 + 7*o + 44. Determine b(3).
-25
Let m(v) = 26*v + 315. Give m(-4).
211
Let f(g) = 2*g**2 - 13*g - 3. Determine f(10).
67
Let f(t) = -t**2 - 62*t - 768. Give f(-16).
-32
Let y(c) = -285*c - 4807. Calculate y(-17).
38
Let j(s) = 1392*s - 1355. Calculate j(1).
37
Let s(c) = 267*c + 83851. Give s(-314).
13
Let w(g) = -51*g + 303. Calculate w(14).
-411
Let u(m) = -2*m**2 + 122*m - 393. Calculate u(57).
63
Let k(g) = -g**3 - 70*g**2 + 154*g + 720. What is k(-72)?
0
Let l(a) = -a**3 + 30*a**2 + 353*a - 73. Give l(39).
5
Let i(d) = 131*d - 1428. Calculate i(11).
13
Let y(n) = 8*n + 30. Calculate y(-8).
-34
Let d(j) = -75*j + 1143. Determine d(18).
-207
Let f(b) = 3*b**2 - 36*b - 122. Give f(-4).
70
Let f(t) = -11*t**2 - 272*t + 87. What is f(-25)?
12
Let f(d) = 4*d**2 - 159*d + 119. Determine f(39).
2
Let d(j) = -20*j**2 + 26*j + 1. Calculate d(1).
7
Let i(f) = 2*f**3 + 68*f**2 + 205*f - 6. Determine i(-3).
-63
Let d(s) = -8*s**2 - 100*s - 48. Determine d(-10).
152
Let b(s) = -7*s**2 + 1062*s - 764. What is b(151)?
-9
Let s(x) = -52*x - 43. Give s(-2).
61
Let m(k) = -15631*k + 31263. Determine m(2).
1
Let k(z) = 7*z**2 - 72*z + 161. Give k(3).
8
Let n(m) = -2*m**3 - 13*m**2 + 28*m + 36. Determine n(-8).
4
Let t(p) = -8*p**3 - 272*p**2 - 10*p - 327. Determine t(-34).
13
Let l(q) = -10*q**2 + 11*q + 250. Calculate l(10).
-640
Let t(s) = s**3 - 49*s**2 - 164*s + 7. Determine t(52).
-409
Let o(k) = k**3 + 89*k**2 + 410*k - 868. Determine o(-84).
-28
Let j(l) = 2*l**3 - 4*l**2 + 8*l - 24. Calculate j(4).
72
Let r(o) = -6*o**2 + 3*o + 115. Calculate r(5).
-20
Let h(k) = -2*k**2 - 41*k + 86. Determine h(2).
-4
Let r(b) = -4*b**2 + 5*b - 2. What is r(-1)?
-11
Let i(b) = -b**3 + 21*b**2 - 90*b + 123. What is i(13)?
305
Let s(w) = -168*w - 1184. Calculate s(-7).
-8
Let n(a) = a**2 + 208*a + 9793. Calculate n(-136).
1
Let w(k) = 338*k + 684. What is w(-3)?
-330
Let j(z) = -48*z + 2603. Give j(54).
11
Let u(m) = m**3 - 14*m**2 + 20*m + 20. What is u(9)?
-205
Let y(c) = -51*c**2 + 282*c + 8. Determine y(5).
143
Let w(n) = 341*n + 2723. What is w(-8)?
-5
Let l(u) = -5*u**2 + 32*u + 4. What is l(8)?
-60
Let f(s) = -s**3 + 5*s**2 + 123*s - 7. What is f(14)?
-49
Let g(m) = 2*m**3 + 36*m**2 + 97*m + 90. Determine g(-15).
-15
Let s(c) = -2*c**2 - 166*c - 633. Calculate s(-79).
-1
Let r(o) = 236*o + 1911. What is r(-8)?
23
Let o(q) = 5*q**3 - 7*q - 21. Give o(-3).
-135
Let c(y) = -2*y**3 + 10*y**2 + 17*y - 28. Determine c(6).
2
Let z(g) = 4*g**3 + g**2 + 2*g - 4. Give z(0).
-4
Let k(a) = -8*a**2 - 59*a - 110. What is k(-5)?
-15
Let m(z) = -z**2 + 17*z + 170. Give m(24).
2
Let z(a) = 2*a**2 + 4*a - 95. Give z(6).
1
Let r(l) = -4*l**2 - 35*l + 64. Calculate r(-11).
-35
Let t(c) = -3*c**2 - 248*c - 411. Calculate t(-81).
-6
Let h(i) = -11*i - 263. Give h(-21).
-32
Let g(b) = -72*b**2 - 185*b + 3. Determine g(-3).
-90
Let x(s) = -3*s**2 + 158*s - 759. What is x(5)?
-44
Let g(j) = -5*j**2 + 11*j + 12. Calculate g(4).
-24
Let r(h) = -h**3 + 2*h**2 + 21*h + 9. Calculate r(-3).
-9
Let i(t) = t**3 - 126*t**2 - 249*t - 903. Determine i(128).
-7
Let x(w) = w**2 - 31*w + 152. Give x(6).
2
Let r(m) = -1533*m + 12254. Calculate r(8).
-10
Let v(l) = 3*l**2 - 62*l + 200. What is v(4)?
0
Let v(y) = 23*y + 36. What is v(-5)?
-79
Let h(f) = 7*f**3 + f**2 - 6*f + 12. Give h(2).
60
Let p(q) = q**3 - 73*q**2 + 456*q - 27705. Give p(72).
-57
Let h(d) = -d**2 - 46*d + 1314. Give h(20).
-6
Let z(k) = 49*k + 1732. Calculate z(-45).
-473
Let c(h) = 199*h - 1032. Give c(5).
-37
Let j(c) = 4*c**2 - 6*c - 30. Determine j(-6).
150
Let g(j) = j**3 + 59*j**2 - 673*j + 1182. Give g(-69).
9
Let q(k) = -431*k - 601. Give q(-1).
-170
Let h(d) = 2*d**3 + 25*d**2 + 90*d + 115. Determine h(-9).
-128
Let u(f) = -f**3 - 99*f**2 + 213*f + 1117. Determine u(-101).
6
Let z(o) = 13*o**2 - 6*o - 21. What is z(-3)?
114
Let g(b) = -217*b - 5197. Calculate g(-24).
11
Let d(m) = m**3 + 414*m**2 - 826*m - 3. Give d(2).
9
Let m(p) = -p**3 - 13*p**2 + 21*p + 18. Give m(2).
0
Let c(u) = 64*u**2 + 210*u + 53. Give c(-3).
-1
Let m(h) = 110*h + 3962. What is m(-36)?
2
Let k(l) = -l**2 + 23*l + 466. Give k(-12).
46
Let k(v) = -619*v - 4461. Determine k(-7).
-128
Let t(k) = k**2 - 9*k - 67. Determine t(24).
293
Let b(f) = -f**2 - 2*f + 284. Calculate b(-19).
-39
Let d(b) = b**3 - 19*b**2 - 69*b + 1879. Determine d(16).
7
Let d(k) = k**2 - 43*k + 201. Give d(34).
-105
Let h(x) = -x**3 - 47*x**2 - 45*x - 2154. What is h(-47)?
-39
Let d(k) = 4*k**2 + 297*k - 2485. Determine d(-82).
57
Let j(u) = -2*u**2 - 44*u + 36. Determine j(-19).
150
Let z(w) = 3*w**2 + 40*w + 33. What is z(-13)?
20
Let x(p) = 811*p + 160586. Calculate x(-198).
8
Let n(c) = 2*c**2 + 41*c + 85. Calculate n(-19).
28
Let b(g) = -29*g**2 + 19*g - 19. Give b(3).
-223
Let z(x) = -2*x**3 + 8*x**2 - 264*x + 768. Determine z(3).
-6
Let c(g) = 21*g**3 + 2*g**2 - g - 3. Give c(-1).
-21
Let i(v) = -126*v - 1885. Give i(-15).
5
Let x(g) = -g**3 - 31*g**2 + 66*g - 105. Give x(-33).
-105
Let a(n) = n**3 - 2*n**2 + n + 29. Give a(5).
109
Let u(b) = -b**3 + 5*b**2 + 33*b - 37. Determine u(7).
96
Let v(m) = -207*m - 696. What is v(-3)?
-75
Let a(c) = -159*c + 647. Give a(6).
-307
Let z(k) = 27*k - 748. What is z(14)?
-370
Let l(n) = -3*n**3 + 25*n**2 + 5*n - 36. What is l(8)?
68
Let l(q) = -144*q**2 - 433*q - 3. Calculate l(-3).
0
Let t(z) = z**3 + 66*z**2 - 84. Give t(-66).
-84
Let o(v) = v**3 - 13*v**2 - 93*v + 1130. Determine o(14).
24
Let f(z) = -4168*z + 8461. Calculate f(2).
125
Let a(j) = -j + 37. Determine a(0).
37
Let j(v) = -67*v - 3. Calculate j(0).
-3
Let n(g) = -g**2 - 9*g + 154. Calculate n(6).
64
Let a(x) = -43*x**2 + 695*x - 117. What is a(16)?
-5
Let a(y) = -1274*y + 118491. Calculate a(93).
9
Let u(p) = -96*p + 80. Give u(3).
-208
Let y(u) = -2*u**3 + 19*u**2 + 38*u - 312. Determine y(10).
-32
Let m(c) = -10*c**3 + 3*c**2 + 28*c - 76. Calculate m(3).
-235
Let d(u) = 7*u**2 - 1580*u - 462. Calculate d(226).
-10
Let z(r) = r**2 + 73*r + 213. What is z(-70)?
3
Let k(w) = w**2 - 101*w - 1385. Determine k(-12).
-29
Let v(o) = 189*o - 564. Give v(3).
3
Let u(k) = -k**3 - 10*k**2 - 27*k + 6. What is u(-6)?
24
Let v(s) = s**2 - 4*s - 117. What is v(-15)?
168
Let m(j) = j**3 + 206*j**2 - 837*j - 8. Calculate m(4).
4
Let v(z) = -6*z - 33. Calculate v(-11).
33
Let j(s) = s**3 + 76*s**2 + 8*s + 598. What is j(-76)?
-10
Let g(d) = 90*d - 527. What is g(6)?
13
Let d(q) = -q**2 + 197*q - 5663. Give d(35).
7
Let n(t) = -2378*t - 11889. Determine n(-5).
1
Let j(d) = 19*d - 136. Give j(7).
-3
Let d(l) = -41*l**2 - 8*l - 12. What is d(-3)?
-357
Let i(l) = -l**3 - 559*l**2 - 9213*l + 18. What is i(-17)?
1
Let r(w) = w + 57. Give r(-43).
14
Let k(x) = 105*x - 779. Determine k(7).
-44
Let n(f) = -f**3 + 15*f**2 - 24*f + 133. Determine n(14).
-7
Let x(v) = 908*v - 1830. Determine x(2).
-14
Let h(g) = -4*g**3 - 19*g**2 + 7*g - 6. Determine h(-6).
132
Let m(h) = -11*h + 496. What is m(-6)?
562
Let m(a) = -3*a + 65. Calculate m(12).
29
Let p(k) = -232*k + 2857. Give p(12).
73
Let o(f) = 22141*f + 487103. Calculate o(-22).
1
Let r(h) = 9*h**2 - 395*h - 111. Calculate r(44).
-67
Let w(m) = 2*m**3 - 84*m**2 - 5*m + 187. Calculate w(42).
-23
Let p(f) = f**2 - 16*f - 9. Give p(0).
-9
Let v(k) = k**2 - 12*k - 74. Determine v(12).
-74
Let k(v) = 85*v - 5937. What is k(68)?
-157
Let r(z) = 17*z + 291. Calculate r(-8).
155
Let k(s) = -108*s - 873. What is k(-8)?
-9
Let k(y) = 2*y**3 + 42*y**2 - 7*y - 142. Determine k(-21).
5
Let u(q) = 4*q**2 + 51*q - 17. Give u(-13).
-4
Let p(i) = -2*i**2 + 33*i + 173. What is p(22)?
-69
Let l(z) = -29*z - 283. Determine l(-10).
7
Let h(m) = -m - 35. What is h(-11)?
-24
Let m(g) = -g**3 + 54*g**2 + 5*g - 242. What is m(54)?
28
Let r(p) = p**2 - 19*p - 684. Give r(42).
282
Let v(n) = 29*n + 230. Give v(-8).
-2
Let c(t) = 41*t**2 - 783*t + 84. Give c(19).
8
Let z(s) = -2*s**3 - 90*s**2 + 16*s + 703. Calculate z(-45).
-17
Let n(k) = k**3 + 34*k**2 + 66*k + 181. Determine n(-32).
117
Let r(j) = j**2 + 24*j + 164. Determine r(-10).
24
Let b(k) = 197*k + 1008. Calculate b(-5).
23
Let p(u) = 6*u - 61. What is p(14)?
23
Let m(i) = 11996*i - 47985. What is 